6*l + 6602 = 0, -5*n + 10975 = -4*l. Is n a composite number?
True
Let v = 19 + -27. Let i(c) = 13*c - 6*c - 6*c + 2*c - c**3 - 3. Is i(v) composite?
True
Let z = 23 + 30. Let f = z - 119. Is (f/5)/(16/(-40)) composite?
True
Let z be (-311)/2 - (-2)/(-4). Let k = 414 + z. Let f = k + -171. Is f a prime number?
False
Suppose 2*l - 4*l + 4*m + 12 = 0, -5*l = -4*m - 18. Let j(f) = -l - 1 - 10*f + 33*f + 21*f. Is j(3) a composite number?
True
Let p = -229 - -438. Suppose -710 = -4*v + c, p - 30 = v - c. Is v prime?
False
Is 6569/(((-36)/30)/(-6)) a composite number?
True
Suppose -664 = 3*o + 1472. Let q = 1599 + o. Is q a prime number?
True
Let w be (-2)/2 + 81/9. Let o be 364 + w/(8/2). Suppose 3*s + 4*d = s + o, -s - 4*d + 175 = 0. Is s a composite number?
False
Is 12/(-8) + 6617/26 a prime number?
False
Suppose -32*l + 17*l + 209265 = 0. Is l a prime number?
False
Let g(c) = -468*c**3 + 9*c**2 + 11*c + 3. Is g(-2) a composite number?
False
Let c(u) = -5705*u - 1097. Is c(-14) composite?
True
Let b(s) be the second derivative of s**5/30 - 7*s**4/24 + 7*s**3/6 - s**2 + 6*s. Let n(d) be the first derivative of b(d). Is n(8) prime?
True
Let u be (-20)/(-70) + (-26)/(-7). Suppose 0 = -2*n + 2*f + 682, 0 = -f - f - u. Is n composite?
True
Let x = 1940 - 1376. Let m = x + -1879. Is 1*2 - m/5 a composite number?
True
Suppose -m + 1 + 0 = 0. Suppose -3*n = -m + 7. Is ((-115)/(-10))/(n/(-4)) composite?
False
Suppose -4*q - 18941 = -5*l, 7*l = 2*l + q + 18944. Let x = l - 1894. Is x composite?
True
Let p(k) = 16*k + 21*k - 6*k + 42*k - 4. Suppose -2*i + 10 = -6*n + 3*n, 5*n = -5*i. Is p(i) prime?
False
Suppose -19*g = -56*g + 1024049. Is g composite?
True
Suppose -3*z + 260715 = -4*x - 124660, x = -z + 128463. Is z composite?
False
Is (-42)/(-46) - 1 - (-6702984)/552 a prime number?
True
Let x = -29450 - -19816. Let j = x - -15686. Let z = j + -4253. Is z a prime number?
False
Is -21 + 17 + 2 + 57129 prime?
False
Let a(h) = -h**3 + 12*h**2 - 4*h - 7. Let g = 29 + -38. Let z be a(g). Suppose -9*p = -11*p + z. Is p prime?
False
Suppose 7*s - 5 = 6*s. Suppose 0 = -3*z + s*d + 16, 5*z + 2 = d + 58. Suppose z*g - 9*g - 1551 = 0. Is g prime?
False
Is ((-44)/(-264))/((-2)/(-27996)) a prime number?
True
Let q(k) = 22*k - 3. Let w be q(6). Let j be w/3*(-2 - -1). Let i = j - -62. Is i prime?
True
Suppose -14*k + 4 + 38 = 0. Suppose -k*x + 2*w + 1761 = 0, 4*x - 2348 = -3*w + 6*w. Is x a composite number?
False
Let l(g) = g. Let k(z) = 14*z**2 + 10*z + 2. Let w(x) = k(x) - 8*l(x). Let h be w(4). Let s = -155 + h. Is s composite?
False
Suppose -4*d + 14580 = 2*b - 0*d, -5*b + 3*d + 36515 = 0. Let p = b - 2753. Is p composite?
False
Let d(u) = 6*u**2 + 15*u + 3. Let i = 29 + -41. Is d(i) a composite number?
True
Suppose 30177 = 3*v - 3*w, -5*w = -14*v + 19*v - 50335. Is v prime?
False
Let c = 29106 + 5629. Is c a prime number?
False
Let s(t) = -860*t + 115. Is s(-8) prime?
False
Let n(x) = 12*x - 7. Suppose 2*g - 2 - 4 = -3*c, 2*c - 14 = -3*g. Let k(o) = o + 1. Let f be k(g). Is n(f) a prime number?
False
Is (285460/315)/((-2)/(-9)) prime?
False
Suppose 2*l + 3*b = 4289, -809 = -l - b + 1336. Suppose -3*m = -p + l, -p = -5*m - 2180 + 40. Is p a prime number?
False
Is 10/14 - 106392/(-217) a composite number?
False
Let d(f) = 8 - f + 4*f**2 + 13*f**2 - 26*f**2 + 15*f**2. Is d(7) prime?
False
Let z = 30616 + -2273. Is z prime?
False
Suppose -3*i - 3666 = -2*o - 7*i, 0 = -3*o + 3*i + 5472. Suppose -x - 2*x + o = 0. Suppose -x = 5*s - 8*s. Is s a composite number?
True
Let m = 38 - 35. Suppose 0 = m*q + 15, 2*q = d - 225 - 78. Is d a composite number?
False
Is (744/36)/((-4)/(-642)) composite?
True
Suppose -4964 - 39135 = -11*c. Is c a prime number?
False
Let r(u) = -u**3 - 13*u**2 - u - 11. Let g be r(-13). Let w(f) = -4 + 8*f + 11 + 2 + 3*f**g. Is w(-6) a prime number?
False
Is ((-464)/(-116))/(4/4643) composite?
False
Let d be 2/(-12) - (-7)/42. Suppose d = -2*b - 168 + 954. Is b prime?
False
Is 15057 + (7 - 12 - -9) a composite number?
False
Let p be (3 - 10/3)/(1/(-1179)). Is p/9*(-39)/(-2)*2 a prime number?
False
Let u(i) = -2*i. Let q(d) = 47*d + 4. Let n(h) = q(h) + 6*u(h). Let g be 2/4*4 + 1. Is n(g) a prime number?
True
Let m(s) = 3*s. Let d be m(0). Let w = 11 + -12. Is -127*(w - d/3) a prime number?
True
Suppose 2*m = 4*m - 188. Suppose b + 617 = m. Let s = 734 + b. Is s prime?
True
Let w(r) = 705*r**2 + 98*r - 2. Is w(-3) a composite number?
True
Let u = 24773 - 13299. Is u a prime number?
False
Suppose 0 = 5*k + 3*s - s - 14491, k - 2*s - 2891 = 0. Is k a prime number?
True
Let f = 14 + -12. Let p(x) = -3*x + 2*x**2 + 23*x**3 - 3 + f + 63*x**3 + 0. Is p(2) a composite number?
True
Suppose 0 = -t + 1, -4*y + y + 5*t = 2. Let i(p) = 40*p - 118*p - y + 558*p. Is i(2) a composite number?
True
Let a(m) = -475*m**2 - 3*m - 5. Let w(t) = -476*t**2 - 4*t - 6. Let y(p) = -3*a(p) + 2*w(p). Is y(2) composite?
True
Let u(t) = 849*t + 4. Let i be u(7). Suppose -5*j - 3*o + i = 0, j + 0*j - 1195 = -2*o. Is j a prime number?
True
Suppose 4*r - 848 = 3*r. Suppose 4*k = -5*u + 857, 7*k = 3*k + 4*u + r. Suppose 250 + k = f. Is f a prime number?
True
Let l(d) = -d + 29. Let j be l(17). Is 2338*4/6 + 4/j prime?
True
Let a(m) = 7*m - 8*m**2 - 11*m**2 + m**3 + 4 + 11*m**2. Let u be a(7). Suppose u*n - 395 = -n. Is n prime?
True
Let z = 409 - -504. Is z composite?
True
Suppose 3*k + 1114 = 5*k. Let n = k - -187. Let o = n + -493. Is o a composite number?
False
Is 5922 + (6 - -1)/7 prime?
True
Suppose -4*d + 334355 = -78001. Is (4/(-24)*-4)/(14/d) a composite number?
False
Let z(n) = n + 9. Let j be z(-4). Suppose -j*f + f = -5588. Is f a prime number?
False
Let v = -5 + 10. Let b = 930 - 293. Suppose 68 = v*m - b. Is m a composite number?
True
Let q = -1 - 3. Let m = 3 + q. Is 11 + m + 5 + -2 composite?
False
Suppose -8*s + 4320 = -0*s. Suppose 188 = 4*m - s. Suppose -4*n = -m - 446. Is n composite?
False
Let m(q) = -3*q - 4. Let c(z) = z**3 + 9*z**2 + 10*z + 3. Let r be c(-8). Is m(r) composite?
True
Suppose 0 = -6*x + 9*x - 15. Let q = 294 - x. Is q prime?
False
Let g = 1435 - 732. Is g prime?
False
Let a(f) be the first derivative of 3*f**3/2 + 4*f**2 - 9*f + 9. Let n(r) be the first derivative of a(r). Is n(15) composite?
True
Suppose 0 = -28*h - 2287 + 943. Let f be 5*26 + (0 - -1). Let z = h + f. Is z composite?
False
Let v(i) = -i**3 + 2. Let y(a) = 2*a - 3. Let c be y(-4). Let n = c + 11. Is v(n) prime?
True
Let w be 3/(12/4)*0. Suppose w = -5*m + 3*u + 266, -2*u - 2*u + 122 = 2*m. Is m a composite number?
True
Let t(r) = 4*r + 2267. Let q be t(0). Let p = 5329 - q. Is p a prime number?
False
Let g(f) = 7331*f + 37. Is g(2) prime?
True
Suppose -y + 6995 = 9*c - 15*c, -3*y = 5*c - 21054. Is y a prime number?
True
Let p = -542 - -4236. Is p a prime number?
False
Suppose 134984 = 23*n - 15*n. Is n a prime number?
False
Let l(j) = -165*j + 77*j + 146*j - 27. Is l(6) a prime number?
False
Let p = 64486 + -32133. Is p composite?
False
Suppose 2*r - 2*k - 2*k = 70, -92 = -4*r - 4*k. Suppose 32*o - r*o - 3145 = 0. Is o a composite number?
True
Let x = 12 + -10. Suppose 0 = 5*s - 2*j + 12, -5*j + x = s - 1. Is (s + -2)*237/(-12) a composite number?
False
Let b be (7/(84/54))/((-1)/(-830)). Suppose 0*f = -2*y - 5*f + b, 0 = -3*f + 3. Is y a prime number?
False
Let u be ((-12)/(-9))/(((-8)/1668)/(-1)). Let l = u + 873. Is l prime?
True
Suppose -3*j + 9 = -12. Suppose -2*q - 3 = -j. Suppose -s - 37 = -q*s. Is s a prime number?
True
Let p(f) = -f**3 + 38*f**2 - 23*f + 167. Is p(25) composite?
False
Suppose 5*y + 40*f - 44*f = 135741, 0 = -5*y + 3*f + 135742. Is y composite?
True
Suppose -o - d - 7 = 0, -2*d = -0*o - 5*o - 35. Let t = 30 + o. Is t a prime number?
True
Let x(c) = -c - 13. Let a be x(-8). Let w(j) = -j**3 - 5*j**2 + j + 8. Let k be w(a). Suppose -k*m + 0*m = -255. Is m a prime number?
False
Suppose -11*v + 5252 = -7*v. Is v a composite number?
True
Is (75993/(-146))/((-1)/2) composite?
True
Suppose 3*h - 12 = -h, 7950 = 5*p - 5*h. Suppose -k + p = -236. Is k composite?
True
Let x(j) = -893*j + 1. Let r be x(1). Is (-4)/(-12) + r/(-6) a prime number?
True
Let i(y) = 133*y - 4. Let b be i(-4). Is -4 + (5 - 2 - b) composite?
True
Let x(o) be the second derivative of 43*